{"id":34,"date":"2025-09-25T07:58:59","date_gmt":"2025-09-25T07:58:59","guid":{"rendered":"http:\/\/afprot.org\/?page_id=34"},"modified":"2025-09-26T13:56:29","modified_gmt":"2025-09-26T13:56:29","slug":"afprot-togo-france","status":"publish","type":"page","link":"https:\/\/afprot.org\/index.php\/afprot-togo-france\/","title":{"rendered":"Origine du projet &#8220;Afprot&#8221;"},"content":{"rendered":"\n<div class=\"wp-block-columns is-layout-flex wp-container-core-columns-is-layout-28f84493 wp-block-columns-is-layout-flex\">\n<div class=\"wp-block-column is-layout-flow wp-block-column-is-layout-flow\">\n<p><a href=\"https:\/\/afprot.org\/index.php\/les-debuts-du-projet\/\" data-type=\"page\" data-id=\"117\">Les d\u00e9buts du projet<\/a><\/p>\n<\/div>\n\n\n\n<div class=\"wp-block-column is-layout-flow wp-block-column-is-layout-flow\">\n<p><a href=\"https:\/\/afprot.org\/index.php\/dominique-et-eli\/\" data-type=\"page\" data-id=\"121\">Dominique et Eli<\/a><\/p>\n<\/div>\n\n\n\n<div class=\"wp-block-column is-layout-flow wp-block-column-is-layout-flow\">\n<p><a href=\"https:\/\/afprot.org\/index.php\/succes-sion-story\/\" data-type=\"page\" data-id=\"138\">Succes-sion story<\/a><\/p>\n<\/div>\n\n\n\n<div class=\"wp-block-column is-layout-flow wp-block-column-is-layout-flow\"><\/div>\n<\/div>\n\n\n\n<p>Ce projet est n\u00e9 de besoins imp\u00e9rieux pour faire vivre les familles de Kpalim\u00e9. En 1993, lors d&#8217;une crise politique du pays, Eli, formatrice et administratrice de l&#8217;ENIJE, ne recevait plus sa retraite. Elle devait vendre des gla\u00e7ons au bord de la route&#8230;<\/p>\n\n\n\n<p>Ci-dessous, le magasin, construit pour stocker \u00e0 l&#8217;origine les produits de l&#8217;Afprot, a \u00e9t\u00e9 transform\u00e9 en chambres pour les femmes d\u00e9munies.<\/p>\n\n\n\n<div class=\"wp-block-columns is-layout-flex wp-container-core-columns-is-layout-28f84493 wp-block-columns-is-layout-flex\">\n<div class=\"wp-block-column is-layout-flow wp-block-column-is-layout-flow\">\n<figure class=\"wp-block-image size-large\"><img loading=\"lazy\" decoding=\"async\" width=\"1024\" height=\"768\" src=\"http:\/\/afprot.org\/wp-content\/uploads\/2025\/09\/Gene0374Copier-1024x768.jpg\" alt=\"\" class=\"wp-image-58\" srcset=\"https:\/\/afprot.org\/wp-content\/uploads\/2025\/09\/Gene0374Copier-1024x768.jpg 1024w, https:\/\/afprot.org\/wp-content\/uploads\/2025\/09\/Gene0374Copier-300x225.jpg 300w, https:\/\/afprot.org\/wp-content\/uploads\/2025\/09\/Gene0374Copier-768x576.jpg 768w, https:\/\/afprot.org\/wp-content\/uploads\/2025\/09\/Gene0374Copier.jpg 1200w\" sizes=\"auto, (max-width: 1024px) 100vw, 1024px\" \/><\/figure>\n\n\n\n<figure class=\"wp-block-image size-large\"><img loading=\"lazy\" decoding=\"async\" width=\"1024\" height=\"768\" src=\"http:\/\/afprot.org\/wp-content\/uploads\/2025\/09\/Gene0370Copier-1024x768.jpg\" alt=\"\" class=\"wp-image-57\" srcset=\"https:\/\/afprot.org\/wp-content\/uploads\/2025\/09\/Gene0370Copier-1024x768.jpg 1024w, https:\/\/afprot.org\/wp-content\/uploads\/2025\/09\/Gene0370Copier-300x225.jpg 300w, https:\/\/afprot.org\/wp-content\/uploads\/2025\/09\/Gene0370Copier-768x576.jpg 768w, https:\/\/afprot.org\/wp-content\/uploads\/2025\/09\/Gene0370Copier.jpg 1200w\" sizes=\"auto, (max-width: 1024px) 100vw, 1024px\" \/><\/figure>\n<\/div>\n<\/div>\n\n\n\n<blockquote class=\"wp-block-quote is-layout-flow wp-block-quote-is-layout-flow\">\n<blockquote class=\"wp-block-quote is-layout-flow wp-block-quote-is-layout-flow\">\n<p>Il n&#8217;y a que la gr\u00e2ce de Dieu qui fasse toute bonne \u0153uvre en nous<\/p>\n<\/blockquote>\n<\/blockquote>\n\n\n\n<p><\/p>\n","protected":false},"excerpt":{"rendered":"<p>Les d\u00e9buts du projet Dominique et Eli Succes-sion story Ce projet est n\u00e9 de besoins imp\u00e9rieux pour faire vivre les familles de Kpalim\u00e9. En 1993, lors d&#8217;une crise politique du pays, Eli, formatrice et administratrice de l&#8217;ENIJE, ne recevait plus sa retraite. Elle devait vendre des gla\u00e7ons au bord de la route&#8230; Ci-dessous, le magasin, [&hellip;]<\/p>\n","protected":false},"author":1,"featured_media":0,"parent":0,"menu_order":0,"comment_status":"closed","ping_status":"closed","template":"","meta":{"footnotes":""},"class_list":["post-34","page","type-page","status-publish","hentry"],"_links":{"self":[{"href":"https:\/\/afprot.org\/index.php\/wp-json\/wp\/v2\/pages\/34","targetHints":{"allow":["GET"]}}],"collection":[{"href":"https:\/\/afprot.org\/index.php\/wp-json\/wp\/v2\/pages"}],"about":[{"href":"https:\/\/afprot.org\/index.php\/wp-json\/wp\/v2\/types\/page"}],"author":[{"embeddable":true,"href":"https:\/\/afprot.org\/index.php\/wp-json\/wp\/v2\/users\/1"}],"replies":[{"embeddable":true,"href":"https:\/\/afprot.org\/index.php\/wp-json\/wp\/v2\/comments?post=34"}],"version-history":[{"count":19,"href":"https:\/\/afprot.org\/index.php\/wp-json\/wp\/v2\/pages\/34\/revisions"}],"predecessor-version":[{"id":142,"href":"https:\/\/afprot.org\/index.php\/wp-json\/wp\/v2\/pages\/34\/revisions\/142"}],"wp:attachment":[{"href":"https:\/\/afprot.org\/index.php\/wp-json\/wp\/v2\/media?parent=34"}],"curies":[{"name":"wp","href":"https:\/\/api.w.org\/{rel}","templated":true}]}}